)*3. Let c(g) = y*s(g) + 6*t(g). What is the units digit of c(2)?
9
Suppose k - f = 1 - 3, 5*f - 40 = -5*k. Suppose -k - 12 = 5*d, 5*b - 137 = 4*d. Let l = -17 + b. What is the units digit of l?
8
Let g(n) = n**3 - 19*n**2 - 14*n - 34. What is the units digit of g(20)?
6
Suppose 4*y - 16 = -44. Let p = y + 23. What is the tens digit of p?
1
Let j(f) be the third derivative of f**5/60 - f**4/6 - f**3 + 4*f**2. What is the units digit of j(6)?
6
Suppose -5*j - 2*j = -2366. What is the hundreds digit of j?
3
Suppose -3*n + 57 = 3*y, 0*n = n + 5*y - 15. Let l = n + 7. What is the tens digit of l?
2
Let i(j) = j**2 + 13*j + 7. What is the tens digit of i(-16)?
5
Let n(m) = m**2 + 13*m + 13. Let f be -19 + 5 + 1 + 1. What is the units digit of n(f)?
1
Let b(i) = 7*i**3 - 2*i**2 + 1. Let r(q) = -q - 7. Let s(t) = -1. Let o(x) = -r(x) + 6*s(x). Let h be o(0). What is the units digit of b(h)?
6
Suppose 17 = 4*q + 5. Suppose -q*j - j = -200. Suppose -5*r + j = -0*r. What is the tens digit of r?
1
Suppose -5 = -3*z - 2. What is the units digit of z?
1
Suppose 0*x = -x - 3. What is the units digit of -6*(-1)/((-2)/x)?
9
Suppose -4*y - 5*s + 10*s = 751, -3*y - 555 = -s. Let v be y/(-12) - (-2)/(-6). Suppose -5*h + 10 = -v. What is the units digit of h?
5
What is the tens digit of (0/(-1))/1 - -79?
7
What is the units digit of ((-2)/(-3))/(56/18 - 3)?
6
Let t = -86 + 144. Suppose 0 = 4*u - t - 38. What is the tens digit of u?
2
Let u(j) = -2*j**3 - 2*j**2 + 1. Suppose -17 = -4*k + 5*m, -4*k = -0*k + 2*m + 18. Let n be u(k). Let r = -4 + n. What is the units digit of r?
5
Let y(j) = 10*j**2 - 2*j + 1. Let u be y(1). Let i = 20 - u. What is the units digit of i?
1
Suppose -1 = 3*x - 4. What is the units digit of (21/9 - x)*3?
4
Let n = 301 - 175. What is the hundreds digit of n?
1
Let r be (120/18)/(1/12). Let a = r - 46. What is the units digit of a?
4
What is the units digit of (-3 - -1)*4775/(-50)?
1
Let i = 9 + -3. Let g(m) = -m**2 + m. Let n be g(1). Let y = n + i. What is the units digit of y?
6
Let v = 108 + -53. What is the units digit of v?
5
Suppose -11*k = -15*k + 44. What is the units digit of k?
1
Suppose -14 = -4*a - 2. What is the units digit of ((-228)/(-18))/(2/a)?
9
Suppose -2*c = 3*g - 5*c - 297, 0 = -c - 3. What is the units digit of g?
6
Suppose -4*b + 16 = -4*q, -3*q - 4*b + 33 - 10 = 0. Suppose o - q = 1. Suppose 2 = 4*c - o*c. What is the units digit of c?
1
Let i(a) = 2*a**2 - 16*a - 10. Let l be i(7). Let g = 47 + l. What is the units digit of g?
3
Let v = 137 - -51. What is the tens digit of v/12 + (-2)/3?
1
Suppose -2*p + 4*n = -4, -15 = -4*p + 3*n - 2*n. What is the tens digit of 8*(2 + (-2)/p)?
1
Let u(z) = z**2 - 12*z - 9. Let i(t) = -t - 1. Let j(k) = 3*i(k) - u(k). Let q(x) = -4*x - 1. Let m be q(-2). What is the tens digit of j(m)?
2
Let w = 5 + -3. Suppose -7*v + 2*v + 100 = -5*t, 0 = -2*v - 2*t + 60. Suppose -v = -w*q - 3*q. What is the units digit of q?
5
Let v(m) be the first derivative of 5/3*m**3 - m + 1/2*m**2 - 2. What is the units digit of v(1)?
5
Let a be (6/(-9))/((-1)/3). Suppose -3*h + n = 11, 2*h + a*h - 5*n + 22 = 0. What is the units digit of -2 - 5/(h - -2)?
3
Let q = -26 - -65. What is the units digit of q?
9
Suppose 0*y = -2*y - 5*q + 117, 5*y - 283 = -3*q. Suppose -5*k + k = -y. Suppose -3*t + k = -25. What is the tens digit of t?
1
Let y(b) = -b**3 - 5*b**2. Let t be y(-5). Suppose -29 = -5*s + 4*k, t = k + 3*k + 4. What is the units digit of s?
5
Let d = 10 + -23. Let q be d/(-1) - (2 - 0). Suppose 0 = 2*r - 2*j - j - q, -3*r + 12 = -3*j. What is the units digit of r?
1
Suppose -40 = -2*u + 5*z, 0 = -5*u - 0*u - 4*z + 34. What is the units digit of 94/u - 4/10?
9
Suppose -15 = -5*h, -2*h = -4*a - 0*h + 6. Let m = 1 + a. Suppose c = d - 0*d - 4, 2*c + 20 = m*d. What is the units digit of d?
6
Suppose 68 = s + s. What is the tens digit of s?
3
Let h = 36 + -25. Let r = -6 + h. Suppose 0*q - r*q = -5. What is the units digit of q?
1
Suppose 5*q + 0*q = -5*l + 35, -l - 3*q + 17 = 0. What is the units digit of l?
2
Let c = 505 + -354. What is the units digit of c?
1
Let x = -56 + 116. What is the tens digit of x?
6
What is the tens digit of 26 + (-9)/(-3) - -3?
3
Let a be (3 - 3)/(-2 - 1). Suppose -2*t + t + 20 = a. What is the tens digit of t?
2
Let h(v) be the first derivative of -v**4/4 + 3*v**3 - 5*v**2/2 - 2*v - 5. What is the tens digit of h(8)?
2
Let y be (-2 - -3)/(2/(-4)). Let n = y - -12. What is the tens digit of n?
1
Let i = 202 - 127. What is the units digit of i?
5
Suppose 0 = -5*w - 5*m - 10, 2*w + 3*m = -10 + 2. Let l(d) = -d**w + d + 4 - 3 + 4. What is the units digit of l(0)?
5
Suppose 0 = -3*a - 0*a + 90. What is the tens digit of a?
3
Let i = 161 - 112. Let n = -29 + i. What is the tens digit of n?
2
Let k(d) = -d**3 - 8*d**2 + 12*d + 13. Let i be k(-9). Let l = -7 - i. What is the units digit of l?
7
Suppose -5*n = 2*i + 34, 5*i = -3*n + 7*n + 14. Let l(s) = 2*s**2 + 9*s + 9. What is the units digit of l(n)?
7
Let l(h) = -2*h**2 + 2. Let f(q) = q. Let i(n) = 3*f(n) + l(n). Let c be i(3). Let s(g) = -g**2 - 8*g + 1. What is the units digit of s(c)?
8
Suppose 0 = -3*g + 4*g - 142. What is the units digit of g?
2
Let u = 1 + -2. Let k(n) = 21*n**2 - n. What is the units digit of k(u)?
2
Let l(g) = 4*g + 10. What is the units digit of l(-1)?
6
Suppose 11 - 7 = 4*y. What is the units digit of y?
1
Let l(u) = u + 2. Suppose -3*n - 2*n = 0. Let m be l(n). What is the units digit of -2*(-3)/m*2?
6
Let s = 3 + 0. Suppose 0 = 3*n + 2*a + a + 63, n - 5*a = -s. What is the units digit of (n/10)/(2/(-10))?
9
Let w(a) = a**3 + 7*a**2 + 7*a + 6. Suppose 3*d = -3*p - 21, 5*d = p - 5*p - 34. Let j be w(d). Suppose 5*q - 30 = -j*q. What is the units digit of q?
6
Let t(q) = -q**2 + 6*q - 3. Let i be t(5). Suppose -i*g + 27 = -3. Let b = -10 + g. What is the units digit of b?
5
Suppose -3*t = -0*t - 6. What is the units digit of t?
2
Let i = -30 - -41. What is the tens digit of i?
1
Let i be ((2 - 0) + -1)*71. Let t = i + -27. Suppose 7*z = 3*z + t. What is the tens digit of z?
1
Let k = 7 - 4. Suppose -a + k*a = 0. Suppose 5*m - m - 36 = a. What is the units digit of m?
9
Suppose 8*f - 3*f - 15 = 0. Suppose -w = -f*h + 104, 3 + 17 = 5*w. Suppose 6*b - h = 3*b. What is the units digit of b?
2
Let k(m) be the second derivative of -m**4/12 - m**3 + 5*m**2/2 - 3*m. What is the units digit of k(-6)?
5
Let c = -68 + 218. What is the tens digit of c/4 - 1/(-2)?
3
Let l(x) = x**2 + x + 1. Let v be l(-2). Suppose v*z = -0*z + 3. What is the units digit of z?
1
Suppose -25 = -5*y + 4*r, 5 - 15 = -2*y + r. Suppose -5*l + 3*l = 2*b - 62, y*l = b + 125. What is the tens digit of l?
2
Suppose 14 = h - d, -5*h + 4*d + 52 = 5*d. Let l = -6 + h. What is the units digit of l?
5
Let a be (-1 - 3)*(-42)/12. Suppose 0*t + 10 = 5*t, -2*t = o - a. What is the tens digit of o?
1
Suppose 3*a - 289 + 28 = 0. What is the tens digit of a?
8
Let m be ((-4)/(-3))/(-2)*-3. Let i = -6 - -31. Suppose m*y + 3*y = i. What is the units digit of y?
5
Suppose 0 = -p - 3 + 73. What is the units digit of p?
0
Let m(l) = l**2 + 10*l + 12. Let y be m(-9). What is the units digit of y/(-6*(-3)/48)?
8
Suppose -10 = 6*x - x. What is the tens digit of (x - 33)/(4/(-4))?
3
Let m = 28 - 18. Suppose -7*p + m = -2*p. What is the units digit of 0/(-3) + p + 1?
3
Let n(a) = 3 + a - 2*a**2 + 2*a**3 - a**3 - 1 + 0*a. Let c be n(2). Let y(v) = 3*v - 4. What is the units digit of y(c)?
8
Suppose -5*k = 2*s - 226, 3*s = -0*k + 5*k + 314. What is the hundreds digit of s?
1
Let u(o) = 2*o**2 - 3*o. Let t be u(2). Suppose 2*b + t = 4. What is the units digit of b?
1
Let x(m) = m**2 - 2*m + 5. What is the tens digit of x(-6)?
5
Suppose 0 = -h - 4 - 0, p = -3*h - 2. Suppose 1 + 4 = 3*a + 5*c, 2*a + 5*c = 0. Let n = p - a. What is the units digit of n?
5
Let l = 683 + -240. What is the tens digit of l?
4
Suppose -3*y = -4*x + 39, -3*x + 2*x + 10 = -y. What is the tens digit of 15*2/x*3?
1
Let u(c) = 2*c**2 + 7*c + 32. What is the units digit of u(-12)?
6
Let n(w) = w**3 - 7*w**2 + 6*w - 1. Let z be n(6). Let q(m) = -14*m**3 - 2*m - 1. What is the tens digit of q(z)?
1
Let k(h) = -h**2 + 2*h - 1. Let j be k(1). Let b be j + 1 - 3/3. Suppose -2*p - 2*p + 16 = b. Wh